n divisor of 1026 and 2831.
19
Calculate the highest common factor of 9169237 and 617.
617
What is the greatest common divisor of 2533 and 833?
17
Calculate the highest common divisor of 391 and 12949.
23
What is the greatest common factor of 72 and 222480?
72
What is the greatest common factor of 333 and 7881?
111
Calculate the greatest common divisor of 434 and 2580998.
434
What is the highest common factor of 702674 and 318?
106
Calculate the highest common divisor of 23335 and 27.
1
What is the greatest common factor of 10098 and 105570?
918
Calculate the highest common factor of 228 and 22648.
76
Calculate the highest common factor of 92 and 159436.
92
What is the greatest common divisor of 57201 and 23?
23
What is the highest common factor of 36 and 1159212?
12
Calculate the highest common divisor of 10812 and 2448.
204
Calculate the highest common factor of 2820 and 1316000.
940
What is the highest common factor of 13857 and 155?
31
Calculate the greatest common divisor of 925 and 3775.
25
What is the highest common divisor of 8 and 32632?
8
Calculate the highest common factor of 300 and 120.
60
What is the greatest common factor of 300 and 27780?
60
What is the highest common factor of 58131 and 6777?
27
What is the highest common divisor of 1339468 and 156?
52
Calculate the greatest common divisor of 2502899 and 4244.
1061
What is the highest common divisor of 190223 and 275?
11
What is the highest common divisor of 423466 and 498?
166
What is the greatest common divisor of 294 and 350?
14
Calculate the highest common divisor of 7060 and 180.
20
Calculate the highest common divisor of 772 and 398159.
193
What is the greatest common divisor of 28375 and 1362?
227
Calculate the highest common divisor of 2139 and 11346.
93
What is the highest common divisor of 1309 and 176?
11
What is the highest common factor of 30256 and 2666?
62
Calculate the highest common divisor of 24806 and 4424.
158
Calculate the greatest common factor of 3010 and 1330.
70
Calculate the greatest common divisor of 4263 and 21.
21
What is the highest common divisor of 18261 and 18?
9
What is the greatest common factor of 175 and 4240?
5
Calculate the greatest common divisor of 394032 and 96.
48
Calculate the highest common factor of 108339 and 67.
67
Calculate the highest common factor of 479 and 58.
1
What is the greatest common divisor of 62014 and 9090?
202
What is the greatest common factor of 75 and 4620?
15
Calculate the greatest common factor of 80 and 10300.
20
What is the greatest common divisor of 17174 and 9418?
554
Calculate the greatest common factor of 9695 and 1015.
35
Calculate the greatest common divisor of 1952842 and 557.
557
Calculate the highest common divisor of 88 and 10519256.
88
Calculate the greatest common factor of 4000 and 118875.
125
What is the highest common divisor of 23275 and 133?
133
Calculate the greatest common divisor of 243462 and 6.
6
What is the greatest common divisor of 364064 and 93?
31
What is the highest common factor of 4798480 and 40?
40
What is the greatest common divisor of 16650 and 180?
90
What is the highest common factor of 35309 and 99093?
1139
Calculate the highest common divisor of 32 and 21704.
8
What is the highest common divisor of 350 and 30765?
35
What is the highest common factor of 12740 and 4680?
260
What is the highest common divisor of 55575 and 10400?
325
What is the greatest common divisor of 3602574 and 3156?
1578
Calculate the highest common factor of 4469 and 1476.
41
What is the highest common divisor of 19665 and 60?
15
Calculate the highest common factor of 20923 and 6832.
427
What is the highest common factor of 9 and 214029?
9
Calculate the highest common factor of 88350 and 750.
150
What is the greatest common divisor of 1375 and 3487?
11
Calculate the greatest common divisor of 820 and 33948.
164
What is the greatest common factor of 168 and 248010?
42
Calculate the greatest common divisor of 1643522 and 146.
146
Calculate the highest common divisor of 12704 and 16277.
397
What is the highest common factor of 29542 and 2?
2
Calculate the highest common factor of 1085 and 70.
35
Calculate the highest common factor of 11 and 3530340.
11
What is the highest common divisor of 35300 and 400?
100
What is the greatest common factor of 602256 and 84?
12
What is the highest common divisor of 75 and 24?
3
Calculate the highest common divisor of 7218 and 2034.
18
What is the greatest common factor of 209 and 356873?
11
What is the highest common divisor of 2162 and 2599?
23
What is the greatest common factor of 95 and 8683?
19
Calculate the greatest common divisor of 25836 and 12.
12
Calculate the greatest common divisor of 12061664 and 32.
32
Calculate the highest common factor of 136 and 64984.
8
What is the greatest common divisor of 105 and 421275?
15
Calculate the greatest common factor of 44 and 480.
4
Calculate the greatest common divisor of 91 and 2078479.
13
What is the highest common divisor of 1655 and 19529?
331
What is the highest common factor of 3468 and 4440?
12
Calculate the highest common divisor of 12 and 807312.
12
What is the greatest common divisor of 1052264 and 403?
31
Calculate the greatest common divisor of 96144 and 96.
48
What is the greatest common factor of 3210 and 32314?
214
Calculate the highest common divisor of 197 and 6166691.
197
Calculate the highest common factor of 87465 and 2400.
15
What is the greatest common divisor of 4766447 and 469?
469
What is the highest common divisor of 1880 and 1739?
47
Calculate the greatest common factor of 847 and 781.
11
Calculate the greatest common factor of 64 and 114368.
64
Calculate the highest common divisor of 128412 and 216.
108
Calculate the greatest common factor of 82984 and 92.
92
What is the greatest common factor of 8288 and 2812?
148
Calculate the highest common factor of 71051 and 2497.
227
What is the greatest common divisor of 91 and 9412?
13
What is the greatest common divisor of 14457 and 113997?
237
Calculate the greatest common divisor of 34 and 2461821.
17
Calculate the highest common factor of 361473 and 3087.
147
What is the highest common divisor of 262 and 12445?
131
Calculate the highest common factor of 377 and 1276.
29
What is the highest common divisor of 5632 and 48128?
512
Calculate the highest common divisor of 8609 and 1.
1
What is the greatest common divisor of 4959 and 13311?
261
What is the greatest common factor of 6894 and 144?
18
What is the greatest common factor of 4050 and 13050?
450
Calculate the greatest common divisor of 10261 and 33666.
31
Calculate the highest common divisor of 354145 and 1034.
517
What is the highest common factor of 851320 and 200?
40
Calculate the greatest common divisor of 54635 and 1680.
35
What is the highest common factor of 656 and 533164?
164
Calculate the highest common factor of 5790 and 33389.
193
What is the highest common factor of 162 and 195777?
81
What is the highest common factor of 69906 and 1342?
122
What is the greatest common divisor of 13 and 299?
13
Calculate the highest common factor of 205996 and 784.
196
Calculate the highest common factor of 8730 and 1697112.
1746
Calculate the highest common divisor of 7688 and 3992.
8
What is the greatest common factor of 1639490 and 67?
67
Calculate the highest common divisor of 3160 and 2045.
5
What is the greatest common factor of 299 and 66534?
13
What is the highest common divisor of 276 and 346702?
46
What is the highest common factor of 44 and 124498?
22
Calculate the greatest common divisor of 13038 and 20869.
41
What is the highest common divisor of 643 and 2?
1
Calculate the greatest common factor of 1276 and 119306.
638
Calculate the highest common divisor of 108 and 88317.
27
What is the greatest common divisor of 781 and 689623?
781
Calculate the greatest common factor of 909 and 3573.
9
Calculate the highest common factor of 43480 and 280.
40
Calculate the highest common factor of 346 and 423677.
173
What is the greatest common factor of 98298 and 41022?
774
Calculate the greatest common factor of 90 and 44160.
30
Calculate the greatest common divisor of 1505 and 812270.
215
Calculate the highest common factor of 210 and 17750.
10
What is the highest common divisor of 966 and 9856